{"id":24722,"date":"2026-09-02T09:27:11","date_gmt":"2026-09-02T13:27:11","guid":{"rendered":"https:\/\/visitavina.munivina.cl\/?post_type=mec-events&#038;p=24722"},"modified":"2026-09-02T09:27:11","modified_gmt":"2026-09-02T13:27:11","slug":"taller-las-nubes-de-diego-543-575-985-647","status":"publish","type":"mec-events","link":"https:\/\/visitavina.munivina.cl\/en\/actividad\/taller-las-nubes-de-diego-543-575-985-647\/","title":{"rendered":"Ciclo Internacional de Piano TMVM \/\/ Edith Fischer"},"content":{"rendered":"<p><span data-sheets-root=\"1\">En el marco del Ciclo Internacional de Piano del Teatro Municipal de Vi\u00f1a del Mar, la destacada pianista chilena Edith Fischer llega al escenario para ofrecer un recital dedicado a la m\u00fasica para piano. La presentaci\u00f3n cuenta con la colaboraci\u00f3n de la Pontificia Universidad Cat\u00f3lica de Valpara\u00edso.<br \/>\nEntradas disponibles desde el 16 de septiembre<\/span><\/p>\n<p><span data-sheets-root=\"1\">Inscripci\u00f3n y m\u00e1s informaci\u00f3n en Instagram | <a class=\"in-cell-link\" href=\"https:\/\/www.instagram.com\/teatro.munivina\" target=\"_blank\" rel=\"noopener nofollow\">@teatro.munivina<\/a><\/span><\/p>","protected":false},"excerpt":{"rendered":"<p>En el marco del Ciclo Internacional de Piano del Teatro Municipal de Vi\u00f1a del Mar, la destacada pianista chilena Edith Fischer llega al escenario para ofrecer un recital dedicado a la m\u00fasica para piano. La presentaci\u00f3n cuenta con la colaboraci\u00f3n de la Pontificia Universidad Cat\u00f3lica de Valpara\u00edso. Entradas disponibles desde el 16 de septiembre Inscripci\u00f3n [&hellip;]<\/p>\n","protected":false},"author":20,"featured_media":0,"comment_status":"closed","ping_status":"closed","template":"","tags":[],"mec_category":[],"class_list":["post-24722","mec-events","type-mec-events","status-publish","hentry"],"acf":[],"_links":{"self":[{"href":"https:\/\/visitavina.munivina.cl\/en\/wp-json\/wp\/v2\/mec-events\/24722","targetHints":{"allow":["GET"]}}],"collection":[{"href":"https:\/\/visitavina.munivina.cl\/en\/wp-json\/wp\/v2\/mec-events"}],"about":[{"href":"https:\/\/visitavina.munivina.cl\/en\/wp-json\/wp\/v2\/types\/mec-events"}],"author":[{"embeddable":true,"href":"https:\/\/visitavina.munivina.cl\/en\/wp-json\/wp\/v2\/users\/20"}],"replies":[{"embeddable":true,"href":"https:\/\/visitavina.munivina.cl\/en\/wp-json\/wp\/v2\/comments?post=24722"}],"wp:attachment":[{"href":"https:\/\/visitavina.munivina.cl\/en\/wp-json\/wp\/v2\/media?parent=24722"}],"wp:term":[{"taxonomy":"post_tag","embeddable":true,"href":"https:\/\/visitavina.munivina.cl\/en\/wp-json\/wp\/v2\/tags?post=24722"},{"taxonomy":"mec_category","embeddable":true,"href":"https:\/\/visitavina.munivina.cl\/en\/wp-json\/wp\/v2\/mec_category?post=24722"}],"curies":[{"name":"wp","href":"https:\/\/api.w.org\/{rel}","templated":true}]}}

<p><span data-sheets-root="1">En el marco del Ciclo Internacional de Piano del Teatro Municipal de Viña del Mar, la destacada pianista chilena Edith Fischer llega al escenario para ofrecer un recital dedicado a la música para piano. La presentación cuenta con la colaboración de la Pontificia Universidad Católica de Valparaíso.<br />
Entradas disponibles desde el 16 de septiembre</span></p>
<p><span data-sheets-root="1">Inscripción y más información en Instagram | <a class="in-cell-link" href="https://www.instagram.com/teatro.munivina" target="_blank" rel="noopener nofollow">@teatro.munivina</a></span></p>

<p>En el marco del Ciclo Internacional de Piano del Teatro Municipal de Viña del Mar, la destacada pianista chilena Edith Fischer llega al escenario para ofrecer un recital dedicado a la música para piano. La presentación cuenta con la colaboración de la Pontificia Universidad Católica de Valparaíso. Entradas disponibles desde el 16 de septiembre Inscripción [&hellip;]</p>
