{"id":24727,"date":"2026-09-02T09:32:49","date_gmt":"2026-09-02T13:32:49","guid":{"rendered":"https:\/\/visitavina.munivina.cl\/?post_type=mec-events&#038;p=24727"},"modified":"2026-09-02T09:32:49","modified_gmt":"2026-09-02T13:32:49","slug":"taller-las-nubes-de-diego-543-575-985-647-493-376-132-786-845","status":"publish","type":"mec-events","link":"https:\/\/visitavina.munivina.cl\/en\/actividad\/taller-las-nubes-de-diego-543-575-985-647-493-376-132-786-845\/","title":{"rendered":"Danza \/\/ Ballet Nacional Chileno &#8211; BANCH"},"content":{"rendered":"<p><span data-sheets-root=\"1\">Danza contempor\u00e1nea<br \/>\nBallet Nacional Chileno &#8211; BANCH<br \/>\nEl Ballet Nacional Chileno presenta Voces, una obra de danza contempor\u00e1nea dirigida por el core\u00f3grafo brit\u00e1nico Ihsan Rustem. Una propuesta que explora el movimiento y la expresi\u00f3n corporal a trav\u00e9s de una creaci\u00f3n de gran fuerza esc\u00e9nica.<br \/>\nPara mayores de 14 A\u00f1os<br \/>\nEntradas disponibles desde el 5 de septiembre<\/span><\/p>\n<p><span data-sheets-root=\"1\">Inscripci\u00f3n y m\u00e1s informaci\u00f3n en Instagram | <a class=\"in-cell-link\" href=\"https:\/\/www.instagram.com\/teatro.munivina\" target=\"_blank\" rel=\"noopener nofollow\">@teatro.munivina<\/a><\/span><\/p>","protected":false},"excerpt":{"rendered":"<p>Danza contempor\u00e1nea Ballet Nacional Chileno &#8211; BANCH El Ballet Nacional Chileno presenta Voces, una obra de danza contempor\u00e1nea dirigida por el core\u00f3grafo brit\u00e1nico Ihsan Rustem. Una propuesta que explora el movimiento y la expresi\u00f3n corporal a trav\u00e9s de una creaci\u00f3n de gran fuerza esc\u00e9nica. Para mayores de 14 A\u00f1os Entradas disponibles desde el 5 de [&hellip;]<\/p>\n","protected":false},"author":20,"featured_media":0,"comment_status":"closed","ping_status":"closed","template":"","tags":[],"mec_category":[],"class_list":["post-24727","mec-events","type-mec-events","status-publish","hentry"],"acf":[],"_links":{"self":[{"href":"https:\/\/visitavina.munivina.cl\/en\/wp-json\/wp\/v2\/mec-events\/24727","targetHints":{"allow":["GET"]}}],"collection":[{"href":"https:\/\/visitavina.munivina.cl\/en\/wp-json\/wp\/v2\/mec-events"}],"about":[{"href":"https:\/\/visitavina.munivina.cl\/en\/wp-json\/wp\/v2\/types\/mec-events"}],"author":[{"embeddable":true,"href":"https:\/\/visitavina.munivina.cl\/en\/wp-json\/wp\/v2\/users\/20"}],"replies":[{"embeddable":true,"href":"https:\/\/visitavina.munivina.cl\/en\/wp-json\/wp\/v2\/comments?post=24727"}],"wp:attachment":[{"href":"https:\/\/visitavina.munivina.cl\/en\/wp-json\/wp\/v2\/media?parent=24727"}],"wp:term":[{"taxonomy":"post_tag","embeddable":true,"href":"https:\/\/visitavina.munivina.cl\/en\/wp-json\/wp\/v2\/tags?post=24727"},{"taxonomy":"mec_category","embeddable":true,"href":"https:\/\/visitavina.munivina.cl\/en\/wp-json\/wp\/v2\/mec_category?post=24727"}],"curies":[{"name":"wp","href":"https:\/\/api.w.org\/{rel}","templated":true}]}}

<p><span data-sheets-root="1">Danza contemporánea<br />
Ballet Nacional Chileno &#8211; BANCH<br />
El Ballet Nacional Chileno presenta Voces, una obra de danza contemporánea dirigida por el coreógrafo británico Ihsan Rustem. Una propuesta que explora el movimiento y la expresión corporal a través de una creación de gran fuerza escénica.<br />
Para mayores de 14 Años<br />
Entradas disponibles desde el 5 de septiembre</span></p>
<p><span data-sheets-root="1">Inscripción y más información en Instagram | <a class="in-cell-link" href="https://www.instagram.com/teatro.munivina" target="_blank" rel="noopener nofollow">@teatro.munivina</a></span></p>

<p>Danza contemporánea Ballet Nacional Chileno &#8211; BANCH El Ballet Nacional Chileno presenta Voces, una obra de danza contemporánea dirigida por el coreógrafo británico Ihsan Rustem. Una propuesta que explora el movimiento y la expresión corporal a través de una creación de gran fuerza escénica. Para mayores de 14 Años Entradas disponibles desde el 5 de [&hellip;]</p>
