{"id":24736,"date":"2026-09-02T11:25:07","date_gmt":"2026-09-02T15:25:07","guid":{"rendered":"https:\/\/visitavina.munivina.cl\/?post_type=mec-events&#038;p=24736"},"modified":"2026-09-02T11:25:07","modified_gmt":"2026-09-02T15:25:07","slug":"taller-escuelita-exploradores","status":"publish","type":"mec-events","link":"https:\/\/visitavina.munivina.cl\/en\/actividad\/taller-escuelita-exploradores\/","title":{"rendered":"Taller \/\/ Escuelita Exploradores"},"content":{"rendered":"<p><span data-sheets-root=\"1\">Escuelita Exploradores<br \/>\nPara ni\u00f1as y ni\u00f1os de 4 a 6 a\u00f1os.<br \/>\n&#8220;Manos a la Greda&#8221; explora el arte de nuestros pueblos originarios usando nuestras manos, jugando con la tierra y creando con arcilla. \u00a1Una experiencia para imaginar, experimentar y aprender!<br \/>\nReserva de cupos, escribir a inscripciones@artequinvina.cl<\/span><\/p>\n<p><span data-sheets-root=\"1\">Valores y m\u00e1s informaci\u00f3n en Instagram | <a class=\"in-cell-link\" href=\"https:\/\/www.instagram.com\/artequinvina\" target=\"_blank\" rel=\"noopener nofollow\">@artequinvina<\/a><\/span><\/p>","protected":false},"excerpt":{"rendered":"<p>Escuelita Exploradores Para ni\u00f1as y ni\u00f1os de 4 a 6 a\u00f1os. &#8220;Manos a la Greda&#8221; explora el arte de nuestros pueblos originarios usando nuestras manos, jugando con la tierra y creando con arcilla. \u00a1Una experiencia para imaginar, experimentar y aprender! Reserva de cupos, escribir a inscripciones@artequinvina.cl Valores y m\u00e1s informaci\u00f3n en Instagram | @artequinvina<\/p>","protected":false},"author":20,"featured_media":0,"comment_status":"closed","ping_status":"closed","template":"","tags":[],"mec_category":[],"class_list":["post-24736","mec-events","type-mec-events","status-publish","hentry"],"acf":[],"_links":{"self":[{"href":"https:\/\/visitavina.munivina.cl\/en\/wp-json\/wp\/v2\/mec-events\/24736","targetHints":{"allow":["GET"]}}],"collection":[{"href":"https:\/\/visitavina.munivina.cl\/en\/wp-json\/wp\/v2\/mec-events"}],"about":[{"href":"https:\/\/visitavina.munivina.cl\/en\/wp-json\/wp\/v2\/types\/mec-events"}],"author":[{"embeddable":true,"href":"https:\/\/visitavina.munivina.cl\/en\/wp-json\/wp\/v2\/users\/20"}],"replies":[{"embeddable":true,"href":"https:\/\/visitavina.munivina.cl\/en\/wp-json\/wp\/v2\/comments?post=24736"}],"wp:attachment":[{"href":"https:\/\/visitavina.munivina.cl\/en\/wp-json\/wp\/v2\/media?parent=24736"}],"wp:term":[{"taxonomy":"post_tag","embeddable":true,"href":"https:\/\/visitavina.munivina.cl\/en\/wp-json\/wp\/v2\/tags?post=24736"},{"taxonomy":"mec_category","embeddable":true,"href":"https:\/\/visitavina.munivina.cl\/en\/wp-json\/wp\/v2\/mec_category?post=24736"}],"curies":[{"name":"wp","href":"https:\/\/api.w.org\/{rel}","templated":true}]}}

<p><span data-sheets-root="1">Escuelita Exploradores<br />
Para niñas y niños de 4 a 6 años.<br />
&#8220;Manos a la Greda&#8221; explora el arte de nuestros pueblos originarios usando nuestras manos, jugando con la tierra y creando con arcilla. ¡Una experiencia para imaginar, experimentar y aprender!<br />
Reserva de cupos, escribir a inscripciones@artequinvina.cl</span></p>
<p><span data-sheets-root="1">Valores y más información en Instagram | <a class="in-cell-link" href="https://www.instagram.com/artequinvina" target="_blank" rel="noopener nofollow">@artequinvina</a></span></p>

<p>Escuelita Exploradores Para niñas y niños de 4 a 6 años. &#8220;Manos a la Greda&#8221; explora el arte de nuestros pueblos originarios usando nuestras manos, jugando con la tierra y creando con arcilla. ¡Una experiencia para imaginar, experimentar y aprender! Reserva de cupos, escribir a inscripciones@artequinvina.cl Valores y más información en Instagram | @artequinvina</p>
