{"id":24737,"date":"2026-09-02T11:27:33","date_gmt":"2026-09-02T15:27:33","guid":{"rendered":"https:\/\/visitavina.munivina.cl\/?post_type=mec-events&#038;p=24737"},"modified":"2026-09-02T11:27:33","modified_gmt":"2026-09-02T15:27:33","slug":"taller-escuelita-aprendices","status":"publish","type":"mec-events","link":"https:\/\/visitavina.munivina.cl\/en\/actividad\/taller-escuelita-aprendices\/","title":{"rendered":"Taller \/\/ Escuelita Aprendices"},"content":{"rendered":"<p><span data-sheets-root=\"1\">Escuelita Aprendices<br \/>\nPara ni\u00f1as y ni\u00f1os de 7 a 10 a\u00f1os.<br \/>\nEn &#8220;Creadores Ancestrales&#8221; conoce distintas expresiones art\u00edsticas de nuestros pueblos originarios y descubrir c\u00f3mo el arte tambi\u00e9n cuenta historias, tradiciones y formas de entender el mundo.<\/p>\n<p>Reserva de cupos, escribir a inscripciones@artequinvina.cl<\/span><\/p>\n<p><span data-sheets-root=\"1\">Valores y m\u00e1s informaci\u00f3n en Instagram | <a class=\"in-cell-link\" href=\"https:\/\/www.instagram.com\/artequinvina\" target=\"_blank\" rel=\"noopener nofollow\">@artequinvina<\/a><\/span><\/p>","protected":false},"excerpt":{"rendered":"<p>Escuelita Aprendices Para ni\u00f1as y ni\u00f1os de 7 a 10 a\u00f1os. En &#8220;Creadores Ancestrales&#8221; conoce distintas expresiones art\u00edsticas de nuestros pueblos originarios y descubrir c\u00f3mo el arte tambi\u00e9n cuenta historias, tradiciones y formas de entender el mundo. Reserva de cupos, escribir a inscripciones@artequinvina.cl Valores y m\u00e1s informaci\u00f3n en Instagram | @artequinvina<\/p>","protected":false},"author":20,"featured_media":0,"comment_status":"closed","ping_status":"closed","template":"","tags":[],"mec_category":[],"class_list":["post-24737","mec-events","type-mec-events","status-publish","hentry"],"acf":[],"_links":{"self":[{"href":"https:\/\/visitavina.munivina.cl\/en\/wp-json\/wp\/v2\/mec-events\/24737","targetHints":{"allow":["GET"]}}],"collection":[{"href":"https:\/\/visitavina.munivina.cl\/en\/wp-json\/wp\/v2\/mec-events"}],"about":[{"href":"https:\/\/visitavina.munivina.cl\/en\/wp-json\/wp\/v2\/types\/mec-events"}],"author":[{"embeddable":true,"href":"https:\/\/visitavina.munivina.cl\/en\/wp-json\/wp\/v2\/users\/20"}],"replies":[{"embeddable":true,"href":"https:\/\/visitavina.munivina.cl\/en\/wp-json\/wp\/v2\/comments?post=24737"}],"wp:attachment":[{"href":"https:\/\/visitavina.munivina.cl\/en\/wp-json\/wp\/v2\/media?parent=24737"}],"wp:term":[{"taxonomy":"post_tag","embeddable":true,"href":"https:\/\/visitavina.munivina.cl\/en\/wp-json\/wp\/v2\/tags?post=24737"},{"taxonomy":"mec_category","embeddable":true,"href":"https:\/\/visitavina.munivina.cl\/en\/wp-json\/wp\/v2\/mec_category?post=24737"}],"curies":[{"name":"wp","href":"https:\/\/api.w.org\/{rel}","templated":true}]}}

<p><span data-sheets-root="1">Escuelita Aprendices<br />
Para niñas y niños de 7 a 10 años.<br />
En &#8220;Creadores Ancestrales&#8221; conoce distintas expresiones artísticas de nuestros pueblos originarios y descubrir cómo el arte también cuenta historias, tradiciones y formas de entender el mundo.</p>
<p>Reserva de cupos, escribir a inscripciones@artequinvina.cl</span></p>
<p><span data-sheets-root="1">Valores y más información en Instagram | <a class="in-cell-link" href="https://www.instagram.com/artequinvina" target="_blank" rel="noopener nofollow">@artequinvina</a></span></p>

<p>Escuelita Aprendices Para niñas y niños de 7 a 10 años. En &#8220;Creadores Ancestrales&#8221; conoce distintas expresiones artísticas de nuestros pueblos originarios y descubrir cómo el arte también cuenta historias, tradiciones y formas de entender el mundo. Reserva de cupos, escribir a inscripciones@artequinvina.cl Valores y más información en Instagram | @artequinvina</p>
